{"id":3,"date":"2018-06-29T22:05:58","date_gmt":"2018-06-29T20:05:58","guid":{"rendered":"https:\/\/www.xn--knig-5qa.cc\/?page_id=3"},"modified":"2026-04-20T09:17:36","modified_gmt":"2026-04-20T07:17:36","slug":"datenschutzerklaerung","status":"publish","type":"page","link":"https:\/\/www.xn--knig-5qa.cc\/?page_id=3","title":{"rendered":"Datenschutzerkl\u00e4rung"},"content":{"rendered":"<div id=\"cc-matrix-4969150196\">\n<div id=\"cc-m-16007346696\" class=\"j-module n j-text \">\n<div id=\"cc-matrix-4965275096\">\n<div id=\"cc-m-15997001796\" class=\"j-module n j-text\">\n<p><strong>Datenschutzerkl\u00e4rung<\/strong><\/p>\n<p><strong>1. Name und Kontaktdaten des Verantwortlichen<\/strong><br \/>\nDiese Datenschutzerkl\u00e4rung informiert \u00fcber die Verarbeitung personenbezogener Daten auf der Webseite von:<\/p>\n<p>David K\u00f6nig, Multimedia-Agentur<br \/>\nVerantwortlicher:<br \/>\nDavid K\u00f6nig, Hans-Buchholzerstra\u00dfe 25\/2, 4400 Steyr, <a href=\"mailto:david.koenig@gmx.at\">david.koenig@gmx.at<\/a>, 0664\/73105136.<\/p>\n<hr \/>\n<p><strong>2. Hosting<\/strong><br \/>\nDiese Website wird bei der World4You Internet Services GmbH, Hafenstra\u00dfe 35, 4020 Linz, \u00d6sterreich gehostet.<\/p>\n<p>Der Hostinganbieter verarbeitet personenbezogene Daten (z. B. IP-Adressen, Server-Logfiles) zum Zweck der Bereitstellung und Sicherstellung des Betriebs der Website.<\/p>\n<p>Die Verarbeitung erfolgt auf Grundlage von Art. 6 Abs. 1 lit. f DSGVO.<\/p>\n<p>Mit dem Hostinganbieter besteht ein Auftragsverarbeitungsvertrag gem\u00e4\u00df Art. 28 DSGVO.<\/p>\n<hr \/>\n<p><strong>3. Zugriffsdaten (Server-Logfiles)<\/strong><br \/>\nBeim Aufruf dieser Website werden automatisch Informationen erfasst und tempor\u00e4r gespeichert:<\/p>\n<ul>\n<li>IP-Adresse<\/li>\n<li>Datum und Uhrzeit<\/li>\n<li>aufgerufene Seiten<\/li>\n<li>Referrer-URL<\/li>\n<li>Browser und Betriebssystem<\/li>\n<\/ul>\n<p>Diese Verarbeitung erfolgt auf Grundlage von Art. 6 Abs. 1 lit. f DSGVO.<\/p>\n<hr \/>\n<p><strong>4. Kontaktaufnahme<\/strong><br \/>\nBei Kontaktaufnahme per E-Mail oder Formular werden Ihre Daten zur Bearbeitung gespeichert.<\/p>\n<p>Rechtsgrundlage:<\/p>\n<ul>\n<li>Art. 6 Abs. 1 lit. b DSGVO<\/li>\n<li>oder Art. 6 Abs. 1 lit. a DSGVO<\/li>\n<\/ul>\n<hr \/>\n<p><strong>5. Cookies und Einwilligungsmanagement<\/strong><br \/>\nDiese Website verwendet Cookies.<\/p>\n<p>Technisch notwendige Cookies erfolgen auf Grundlage von Art. 6 Abs. 1 lit. f DSGVO.<\/p>\n<p>Dar\u00fcber hinaus werden externe Dienste (z. B. Facebook) nur mit Ihrer Einwilligung geladen.<br \/>\nBeim erstmaligen Besuch der Website werden Sie \u00fcber ein entsprechendes Einwilligungsbanner informiert.<\/p>\n<p>Sie k\u00f6nnen Ihre Einwilligung jederzeit widerrufen.<\/p>\n<hr \/>\n<p><strong>6. Einbindung von Facebook<\/strong><br \/>\nAuf dieser Website sind Funktionen des sozialen Netzwerks Facebook eingebunden.<\/p>\n<p>Anbieter ist Meta Platforms Ireland Limited, 4 Grand Canal Square, Dublin 2, Irland.<\/p>\n<p>Beim Aufruf einer Seite mit Facebook-Elementen kann eine Verbindung zu den Servern von Facebook hergestellt werden. Dabei k\u00f6nnen personenbezogene Daten (z. B. IP-Adresse) \u00fcbermittelt werden.<\/p>\n<p>Die Daten k\u00f6nnen auch an Server in den USA \u00fcbertragen werden.<\/p>\n<p>Die Verarbeitung erfolgt ausschlie\u00dflich auf Grundlage Ihrer Einwilligung gem\u00e4\u00df Art. 6 Abs. 1 lit. a DSGVO.<\/p>\n<p>Die Einwilligung erfolgt \u00fcber das Einwilligungsbanner und kann jederzeit widerrufen werden.<\/p>\n<p>Weitere Informationen finden Sie in der Datenschutzerkl\u00e4rung von Facebook.<\/p>\n<hr \/>\n<p><strong>7. Weitergabe von Daten<\/strong><br \/>\nEine Weitergabe erfolgt nur gem\u00e4\u00df Art. 6 Abs. 1 lit. a\u2013f DSGVO.<\/p>\n<hr \/>\n<p><strong>8. Ihre Rechte als betroffene Person<\/strong><br \/>\nSie haben Rechte auf Auskunft, Berichtigung, L\u00f6schung, Einschr\u00e4nkung, Daten\u00fcbertragbarkeit, Widerspruch und Widerruf.<\/p>\n<p>Sie haben au\u00dferdem das Recht, Beschwerde bei einer Datenschutzbeh\u00f6rde einzulegen.<\/p>\n<hr \/>\n<p><strong>9. Speicherdauer<\/strong><br \/>\nDaten werden nur so lange gespeichert, wie dies erforderlich ist oder gesetzliche Pflichten bestehen.<\/p>\n<hr \/>\n<p><strong>10. Aktualit\u00e4t und \u00c4nderung dieser Datenschutzerkl\u00e4rung<\/strong><br \/>\nStand: <strong>20. April 2026<\/strong><\/p>\n<hr \/>\n<p><strong>11. Geltungsbereich<\/strong><br \/>\nGilt f\u00fcr <a href=\"http:\/\/www.xn--knig-5qa.cc\/\">www.k\u00f6nig.cc<\/a> und nicht f\u00fcr externe Links.<\/p>\n<\/div>\n<\/div>\n<\/div>\n<\/div>\n","protected":false},"excerpt":{"rendered":"<p>Datenschutzerkl\u00e4rung 1. Name und Kontaktdaten des Verantwortlichen Diese Datenschutzerkl\u00e4rung informiert \u00fcber die Verarbeitung personenbezogener Daten auf der Webseite von: David K\u00f6nig, Multimedia-Agentur Verantwortlicher: David K\u00f6nig, Hans-Buchholzerstra\u00dfe 25\/2, 4400 Steyr, david.koenig@gmx.at, 0664\/73105136. 2. Hosting Diese Website<a class=\"read-more\" href=\"https:\/\/www.xn--knig-5qa.cc\/?page_id=3\">Continue reading<\/a><\/p>\n","protected":false},"author":1,"featured_media":0,"parent":0,"menu_order":3,"comment_status":"closed","ping_status":"open","template":"","meta":{"footnotes":""},"class_list":["post-3","page","type-page","status-publish","hentry"],"_links":{"self":[{"href":"https:\/\/www.xn--knig-5qa.cc\/index.php?rest_route=\/wp\/v2\/pages\/3","targetHints":{"allow":["GET"]}}],"collection":[{"href":"https:\/\/www.xn--knig-5qa.cc\/index.php?rest_route=\/wp\/v2\/pages"}],"about":[{"href":"https:\/\/www.xn--knig-5qa.cc\/index.php?rest_route=\/wp\/v2\/types\/page"}],"author":[{"embeddable":true,"href":"https:\/\/www.xn--knig-5qa.cc\/index.php?rest_route=\/wp\/v2\/users\/1"}],"replies":[{"embeddable":true,"href":"https:\/\/www.xn--knig-5qa.cc\/index.php?rest_route=%2Fwp%2Fv2%2Fcomments&post=3"}],"version-history":[{"count":9,"href":"https:\/\/www.xn--knig-5qa.cc\/index.php?rest_route=\/wp\/v2\/pages\/3\/revisions"}],"predecessor-version":[{"id":882,"href":"https:\/\/www.xn--knig-5qa.cc\/index.php?rest_route=\/wp\/v2\/pages\/3\/revisions\/882"}],"wp:attachment":[{"href":"https:\/\/www.xn--knig-5qa.cc\/index.php?rest_route=%2Fwp%2Fv2%2Fmedia&parent=3"}],"curies":[{"name":"wp","href":"https:\/\/api.w.org\/{rel}","templated":true}]}}